{"id":633,"date":"2024-10-21T13:30:15","date_gmt":"2024-10-21T11:30:15","guid":{"rendered":"http:\/\/loeufalacoque.com\/?page_id=633"},"modified":"2024-11-19T12:31:29","modified_gmt":"2024-11-19T11:31:29","slug":"infinifilm","status":"publish","type":"page","link":"https:\/\/loeufalacoque.com\/index.php\/infinifilm\/","title":{"rendered":"L&rsquo;infinifilm"},"content":{"rendered":"\n<h3 class=\"has-text-align-center has-black-color has-text-color\"><strong>L&rsquo;INFINIFILM est le premier film d&rsquo;animation sans fin.<\/strong><\/h3>\n\n\n\n<figure class=\"wp-block-embed-vimeo aligncenter wp-block-embed is-type-video is-provider-vimeo wp-embed-aspect-16-9 wp-has-aspect-ratio\"><div class=\"wp-block-embed__wrapper\">\n\n<div class=\"arve\" data-mode=\"normal\" data-provider=\"vimeo\" id=\"arve-vimeo-1028825302-1673c76ee8cfb8298605857\" style=\"max-width:525px;\" itemscope itemtype=\"http:\/\/schema.org\/VideoObject\">\n<span class=\"arve-embed arve-embed--has-aspect-ratio\"><span class=\"arve-ar\" style=\"padding-top:56.190476%\"><\/span>\n<meta itemprop=\"embedURL\" content=\"https:\/\/player.vimeo.com\/video\/1028825302?dnt=1&amp;app_id=122963&amp;html5=1&amp;title=1&amp;byline=0&amp;portrait=0&amp;autoplay=0\">\n\n<iframe allow=\"accelerometer; autoplay; clipboard-write; encrypted-media; gyroscope; picture-in-picture\" allowfullscreen class=\"arve-iframe fitvidsignore\" data-arve=\"arve-vimeo-1028825302-1673c76ee8cfb8298605857\" data-src-no-ap=\"https:\/\/player.vimeo.com\/video\/1028825302?dnt=1&amp;app_id=122963&amp;html5=1&amp;title=1&amp;byline=0&amp;portrait=0&amp;autoplay=0\" frameborder=\"0\" height=\"295\" sandbox=\"allow-scripts allow-same-origin allow-presentation allow-popups allow-popups-to-escape-sandbox allow-forms\" scrolling=\"no\" src=\"https:\/\/player.vimeo.com\/video\/1028825302?dnt=1&#038;app_id=122963&#038;html5=1&#038;title=1&#038;byline=0&#038;portrait=0&#038;autoplay=0\" width=\"525\"><\/iframe>\n<\/span>\n<\/div>\n\n<\/div><\/figure>\n\n\n\n<h2 class=\"has-text-align-center has-black-color has-text-color\"><strong>UN ATELIER EXTRA COURT POUR UN FILM EXTRA LONG<\/strong><\/h2>\n\n\n\n<p>Sous la forme d\u2019un atelier pratique et artistique, les participants s\u2019initieront \u00e0 la r\u00e9alisation d\u2019un film d\u2019animation en stop motion. Accompagn\u00e9s par les artistes et r\u00e9alisateurs <strong><a href=\"https:\/\/www.stefyangchung.com\/\" data-type=\"URL\" data-id=\"https:\/\/www.stefyangchung.com\/\">St\u00e9phanie <\/a><a rel=\"noreferrer noopener\" href=\"https:\/\/www.stefyangchung.com\/\" data-type=\"URL\" data-id=\"https:\/\/www.stefyangchung.com\/\" target=\"_blank\">Yang<\/a><a href=\"https:\/\/www.stefyangchung.com\/\" data-type=\"URL\" data-id=\"https:\/\/www.stefyangchung.com\/\" target=\"_blank\" rel=\"noreferrer noopener\"> Chung<\/a><\/strong> et <strong><a href=\"https:\/\/tristanfrancia.com\/\" data-type=\"URL\" data-id=\"https:\/\/tristanfrancia.com\/\">Tristan <\/a><a rel=\"noreferrer noopener\" href=\"https:\/\/tristanfrancia.com\/\" data-type=\"URL\" data-id=\"https:\/\/tristanfrancia.com\/\" target=\"_blank\">Francia<\/a><\/strong>, ils fabriqueront et animeront, en papier d\u00e9coup\u00e9, la prochaine sc\u00e8ne du film sans fin : <em>L\u2019infinifilm<\/em>. Les sc\u00e8nes s&rsquo;ajouteront les unes apr\u00e8s les autres, au fil de l&rsquo;imagination, vers un voyage infini. <\/p>\n\n\n\n<div class=\"wp-block-file\"><a href=\"http:\/\/loeufalacoque.com\/wp-content\/uploads\/2024\/11\/Plaquette_INFINIFILM.pdf\">Fiche de pr\u00e9sentation de l&rsquo;atelier<\/a><a href=\"http:\/\/loeufalacoque.com\/wp-content\/uploads\/2024\/11\/Plaquette_INFINIFILM.pdf\" class=\"wp-block-file__button\" download>T\u00e9l\u00e9charger<\/a><\/div>\n\n\n\n<h2 class=\"has-text-align-center has-black-color has-text-color\"><strong>VERS L&rsquo;INFINI AVEC MICHEL GONDRY<\/strong><\/h2>\n\n\n\n<div class=\"wp-block-columns\">\n<div class=\"wp-block-column\">         <style>\r\n             #player69eb827cd8994.h5vp_player { width: ; border-radius: ; overflow: hidden; }        <\/style>\r\n        <div id=\"h5vp_player\">\r\n            <div data-unique-id=\"69eb827cd89ba\" id=\"player69eb827cd8994\" class=\"h5vp_player h5vp_player_initializer\" data-settings=\"{&quot;options&quot;:{&quot;controls&quot;:[&quot;play-large&quot;,&quot;rewind&quot;,&quot;play&quot;,&quot;fast-forward&quot;,&quot;progress&quot;,&quot;current-time&quot;,&quot;mute&quot;,&quot;volume&quot;,&quot;settings&quot;,&quot;fullscreen&quot;],&quot;loop&quot;:{&quot;active&quot;:false},&quot;muted&quot;:false,&quot;hideControls&quot;:true,&quot;autoplay&quot;:false,&quot;tooltips&quot;:{&quot;controls&quot;:true,&quot;seek&quot;:true},&quot;resetOnEnd&quot;:true,&quot;captions&quot;:{&quot;active&quot;:true,&quot;update&quot;:true}},&quot;infos&quot;:{&quot;source&quot;:&quot;http:\\\/\\\/loeufalacoque.com\\\/wp-content\\\/uploads\\\/2024\\\/11\\\/Michel_Gondry_L_INFINIFILM.mp4&quot;,&quot;poster&quot;:false,&quot;skin&quot;:&quot;default&quot;,&quot;pause_other&quot;:false,&quot;id&quot;:0}}\">\r\n                <video playsinline poster=\"\"  >\r\n                    <source src=\"http:\/\/loeufalacoque.com\/wp-content\/uploads\/2024\/11\/Michel_Gondry_L_INFINIFILM.mp4\" type=\"video\/mp4\">\r\n                    Your browser does not support the video tag.\r\n                <\/video>\r\n            <\/div>\r\n        <\/div>\r\n        <\/div>\n\n\n\n<div class=\"wp-block-column\">\n<blockquote class=\"wp-block-quote\"><p><span class=\"has-inline-color has-black-color\">L&rsquo;INFINIFILM est n\u00e9 lors de la sortie du film d&rsquo;animation de Michel Gondry \u00ab\u00a0Maya, donne-moi un titre\u00a0\u00bb en 2024.<\/span><\/p><p><span class=\"has-inline-color has-black-color\">Pour accompagner les projections, les premiers ateliers ont \u00e9clos en salles de cin\u00e9ma. <\/span><\/p><p><span class=\"has-inline-color has-black-color\">Aujourd&rsquo;hui, Michel Gondry nous encourage \u00e0 continuer notre film sans fin et nous donne quelques conseils artistiques, philosophiques et cin\u00e9matographiques ! <\/span><\/p><\/blockquote>\n<\/div>\n<\/div>\n\n\n\n<h2 class=\"has-text-align-center has-black-color has-text-color\"><strong>LES VOYAGEURS<\/strong><\/h2>\n\n\n\n<p>AFCAE, CINEPHILAE, CGR Le Colis\u00e9e Carcassonne, Cin\u00e9ma Nestor Burma Montpellier, Cin\u00e9ma Le S\u00e9maphore N\u00eemes, Sc\u00e8ne Nationale Narbonne, Cin\u00e9ma Alain Resnais Clermont l&rsquo;H\u00e9rault, Cin\u00e9 32 Auch, Cin\u00e9ma Marie Vermillard Masseube, Cin\u00e9ma Studio 7 Auzielle, Cin\u00e9ma l&rsquo;Oustal Auterive&#8230;<\/p>\n\n\n\n<div class=\"wp-block-group\"><div class=\"wp-block-group__inner-container\"><style type=\"text\/css\" scoped>.roboGalleryLoaderSpinner{margin:50px auto;width:50px;height:40px;text-align:center;font-size:10px;}.roboGalleryLoaderSpinner > div{background-color:#333; height:100%; width:6px; display:inline-block; -webkit-animation:roboGalleryLoader-stretchdelay 1.2s infinite ease-in-out; animation:roboGalleryLoader-stretchdelay 1.2s infinite ease-in-out;}.roboGalleryLoaderSpinner .roboGalleryLoaderRect2{-webkit-animation-delay:-1.1s; animation-delay:-1.1s;}.roboGalleryLoaderSpinner .roboGalleryLoaderRect3{-webkit-animation-delay:-1.0s; animation-delay:-1.0s;}.roboGalleryLoaderSpinner .roboGalleryLoaderRect4{-webkit-animation-delay:-0.9s; animation-delay:-0.9s;}.roboGalleryLoaderSpinner .roboGalleryLoaderRect5{-webkit-animation-delay:-0.8s; animation-delay:-0.8s;}@-webkit-keyframes roboGalleryLoader-stretchdelay{0%,40%,100%{-webkit-transform:scaleY(0.4) } 20%{-webkit-transform:scaleY(1.0) }}@keyframes roboGalleryLoader-stretchdelay{0%,40%,100%{ transform:scaleY(0.4); -webkit-transform:scaleY(0.4); } 20%{ transform:scaleY(1.0); -webkit-transform:scaleY(1.0); }}<\/style><div id=\"robo_gallery_loading_rbs_gallery_69eb827cd89ff\" class=\"roboGalleryLoaderSpinner\"><div class=\"roboGalleryLoaderRect1\"><\/div> <div class=\"roboGalleryLoaderRect2\"><\/div> <div class=\"roboGalleryLoaderRect3\"><\/div> <div class=\"roboGalleryLoaderRect4\"><\/div> <div class=\"roboGalleryLoaderRect5\"><\/div><\/div><div id=\"robo_gallery_main_block_rbs_gallery_69eb827cd89ff\" class=\"robogallery-gallery-649\" style=\"width:100%;  display: none;\"><div class=\"rbs_gallery_button rbs_gallery_align_left\"  id=\"rbs_gallery_69eb827cd89fffilter\"><\/div><div id=\"rbs_gallery_69eb827cd89ff\" data-options=\"rbs_gallery_69eb827cd89ff\" style=\"width:100%;\" class=\"robo_gallery\"><div class=\"rbs-img category649 \" ><div class=\"rbs-img-image  rbs-lightbox\"   ><div data-thumbnail=\"https:\/\/loeufalacoque.com\/wp-content\/uploads\/2024\/11\/20241022_173450-300x169.jpg\" title=\"20241022_173450\" data-width=\"300\" data-height=\"169\" ><\/div><div data-popup=\"https:\/\/loeufalacoque.com\/wp-content\/uploads\/2024\/11\/20241022_173450-scaled.jpg\" data-alt=\"20241022_173450\" title=\"20241022_173450\" ><\/div><div class=\"thumbnail-overlay\"><div class=\"rbsTitle \">20241022_173450<\/div><div class=\"rbsIcons\"><i class=\"fa fa-search-plus rbsZoomIcon \" ><\/i><\/div><\/div><\/div><\/div><div class=\"rbs-img category649 \" ><div class=\"rbs-img-image  rbs-lightbox\"   ><div data-thumbnail=\"https:\/\/loeufalacoque.com\/wp-content\/uploads\/2024\/11\/20241021_154853-300x169.jpg\" title=\"20241021_154853\" data-width=\"300\" data-height=\"169\" ><\/div><div data-popup=\"https:\/\/loeufalacoque.com\/wp-content\/uploads\/2024\/11\/20241021_154853-scaled.jpg\" data-alt=\"20241021_154853\" title=\"20241021_154853\" ><\/div><div class=\"thumbnail-overlay\"><div class=\"rbsTitle \">20241021_154853<\/div><div class=\"rbsIcons\"><i class=\"fa fa-search-plus rbsZoomIcon \" ><\/i><\/div><\/div><\/div><\/div><div class=\"rbs-img category649 \" ><div class=\"rbs-img-image  rbs-lightbox\"   ><div data-thumbnail=\"https:\/\/loeufalacoque.com\/wp-content\/uploads\/2024\/11\/20241021_155010-300x169.jpg\" title=\"20241021_155010\" data-width=\"300\" data-height=\"169\" ><\/div><div data-popup=\"https:\/\/loeufalacoque.com\/wp-content\/uploads\/2024\/11\/20241021_155010-scaled.jpg\" data-alt=\"20241021_155010\" title=\"20241021_155010\" ><\/div><div class=\"thumbnail-overlay\"><div class=\"rbsTitle \">20241021_155010<\/div><div class=\"rbsIcons\"><i class=\"fa fa-search-plus rbsZoomIcon \" ><\/i><\/div><\/div><\/div><\/div><div class=\"rbs-img category649 \" ><div class=\"rbs-img-image  rbs-lightbox\"   ><div data-thumbnail=\"https:\/\/loeufalacoque.com\/wp-content\/uploads\/2024\/11\/20241021_155149-300x169.jpg\" title=\"20241021_155149\" data-width=\"300\" data-height=\"169\" ><\/div><div data-popup=\"https:\/\/loeufalacoque.com\/wp-content\/uploads\/2024\/11\/20241021_155149-scaled.jpg\" data-alt=\"20241021_155149\" title=\"20241021_155149\" ><\/div><div class=\"thumbnail-overlay\"><div class=\"rbsTitle \">20241021_155149<\/div><div class=\"rbsIcons\"><i class=\"fa fa-search-plus rbsZoomIcon \" ><\/i><\/div><\/div><\/div><\/div><div class=\"rbs-img category649 \" ><div class=\"rbs-img-image  rbs-lightbox\"   ><div data-thumbnail=\"https:\/\/loeufalacoque.com\/wp-content\/uploads\/2024\/11\/20241021_164841-300x169.jpg\" title=\"20241021_164841\" data-width=\"300\" data-height=\"169\" ><\/div><div data-popup=\"https:\/\/loeufalacoque.com\/wp-content\/uploads\/2024\/11\/20241021_164841-scaled.jpg\" data-alt=\"20241021_164841\" title=\"20241021_164841\" ><\/div><div class=\"thumbnail-overlay\"><div class=\"rbsTitle \">20241021_164841<\/div><div class=\"rbsIcons\"><i class=\"fa fa-search-plus rbsZoomIcon \" ><\/i><\/div><\/div><\/div><\/div><div class=\"rbs-img category649 \" ><div class=\"rbs-img-image  rbs-lightbox\"   ><div data-thumbnail=\"https:\/\/loeufalacoque.com\/wp-content\/uploads\/2024\/11\/20241022_114131-300x169.jpg\" title=\"20241022_114131\" data-width=\"300\" data-height=\"169\" ><\/div><div data-popup=\"https:\/\/loeufalacoque.com\/wp-content\/uploads\/2024\/11\/20241022_114131-scaled.jpg\" data-alt=\"20241022_114131\" title=\"20241022_114131\" ><\/div><div class=\"thumbnail-overlay\"><div class=\"rbsTitle \">20241022_114131<\/div><div class=\"rbsIcons\"><i class=\"fa fa-search-plus rbsZoomIcon \" ><\/i><\/div><\/div><\/div><\/div><div class=\"rbs-img category649 \" ><div class=\"rbs-img-image  rbs-lightbox\"   ><div data-thumbnail=\"https:\/\/loeufalacoque.com\/wp-content\/uploads\/2024\/11\/20241022_120957-169x300.jpg\" title=\"20241022_120957\" data-width=\"169\" data-height=\"300\" ><\/div><div data-popup=\"https:\/\/loeufalacoque.com\/wp-content\/uploads\/2024\/11\/20241022_120957-scaled.jpg\" data-alt=\"20241022_120957\" title=\"20241022_120957\" ><\/div><div class=\"thumbnail-overlay\"><div class=\"rbsTitle \">20241022_120957<\/div><div class=\"rbsIcons\"><i class=\"fa fa-search-plus rbsZoomIcon \" ><\/i><\/div><\/div><\/div><\/div><div class=\"rbs-img category649 \" ><div class=\"rbs-img-image  rbs-lightbox\"   ><div data-thumbnail=\"https:\/\/loeufalacoque.com\/wp-content\/uploads\/2024\/11\/20241022_122724-300x169.jpg\" title=\"20241022_122724\" data-width=\"300\" data-height=\"169\" ><\/div><div data-popup=\"https:\/\/loeufalacoque.com\/wp-content\/uploads\/2024\/11\/20241022_122724-scaled.jpg\" data-alt=\"20241022_122724\" title=\"20241022_122724\" ><\/div><div class=\"thumbnail-overlay\"><div class=\"rbsTitle \">20241022_122724<\/div><div class=\"rbsIcons\"><i class=\"fa fa-search-plus rbsZoomIcon \" ><\/i><\/div><\/div><\/div><\/div><div class=\"rbs-img category649 \" ><div class=\"rbs-img-image  rbs-lightbox\"   ><div data-thumbnail=\"https:\/\/loeufalacoque.com\/wp-content\/uploads\/2024\/11\/20241022_183531-300x169.jpg\" title=\"20241022_183531\" data-width=\"300\" data-height=\"169\" ><\/div><div data-popup=\"https:\/\/loeufalacoque.com\/wp-content\/uploads\/2024\/11\/20241022_183531-scaled.jpg\" data-alt=\"20241022_183531\" title=\"20241022_183531\" ><\/div><div class=\"thumbnail-overlay\"><div class=\"rbsTitle \">20241022_183531<\/div><div class=\"rbsIcons\"><i class=\"fa fa-search-plus rbsZoomIcon \" ><\/i><\/div><\/div><\/div><\/div><div class=\"rbs-img category649 \" ><div class=\"rbs-img-image  rbs-lightbox\"   ><div data-thumbnail=\"https:\/\/loeufalacoque.com\/wp-content\/uploads\/2024\/11\/20241023_103958-300x169.jpg\" title=\"20241023_103958\" data-width=\"300\" data-height=\"169\" ><\/div><div data-popup=\"https:\/\/loeufalacoque.com\/wp-content\/uploads\/2024\/11\/20241023_103958-scaled.jpg\" data-alt=\"20241023_103958\" title=\"20241023_103958\" ><\/div><div class=\"thumbnail-overlay\"><div class=\"rbsTitle \">20241023_103958<\/div><div class=\"rbsIcons\"><i class=\"fa fa-search-plus rbsZoomIcon \" ><\/i><\/div><\/div><\/div><\/div><div class=\"rbs-img category649 \" ><div class=\"rbs-img-image  rbs-lightbox\"   ><div data-thumbnail=\"https:\/\/loeufalacoque.com\/wp-content\/uploads\/2024\/11\/20241023_104920-300x169.jpg\" title=\"20241023_104920\" data-width=\"300\" data-height=\"169\" ><\/div><div data-popup=\"https:\/\/loeufalacoque.com\/wp-content\/uploads\/2024\/11\/20241023_104920-scaled.jpg\" data-alt=\"20241023_104920\" title=\"20241023_104920\" ><\/div><div class=\"thumbnail-overlay\"><div class=\"rbsTitle \">20241023_104920<\/div><div class=\"rbsIcons\"><i class=\"fa fa-search-plus rbsZoomIcon \" ><\/i><\/div><\/div><\/div><\/div><div class=\"rbs-img category649 \" ><div class=\"rbs-img-image  rbs-lightbox\"   ><div data-thumbnail=\"https:\/\/loeufalacoque.com\/wp-content\/uploads\/2024\/11\/20241023_111258-300x169.jpg\" title=\"20241023_111258\" data-width=\"300\" data-height=\"169\" ><\/div><div data-popup=\"https:\/\/loeufalacoque.com\/wp-content\/uploads\/2024\/11\/20241023_111258-scaled.jpg\" data-alt=\"20241023_111258\" title=\"20241023_111258\" ><\/div><div class=\"thumbnail-overlay\"><div class=\"rbsTitle \">20241023_111258<\/div><div class=\"rbsIcons\"><i class=\"fa fa-search-plus rbsZoomIcon \" ><\/i><\/div><\/div><\/div><\/div><div class=\"rbs-img category649 \" ><div class=\"rbs-img-image  rbs-lightbox\"   ><div data-thumbnail=\"https:\/\/loeufalacoque.com\/wp-content\/uploads\/2024\/11\/20241023_133143-300x169.jpg\" title=\"20241023_133143\" data-width=\"300\" data-height=\"169\" ><\/div><div data-popup=\"https:\/\/loeufalacoque.com\/wp-content\/uploads\/2024\/11\/20241023_133143-scaled.jpg\" data-alt=\"20241023_133143\" title=\"20241023_133143\" ><\/div><div class=\"thumbnail-overlay\"><div class=\"rbsTitle \">20241023_133143<\/div><div class=\"rbsIcons\"><i class=\"fa fa-search-plus rbsZoomIcon \" ><\/i><\/div><\/div><\/div><\/div><div class=\"rbs-img category649 \" ><div class=\"rbs-img-image  rbs-lightbox\"   ><div data-thumbnail=\"https:\/\/loeufalacoque.com\/wp-content\/uploads\/2024\/11\/20241023_133355-300x169.jpg\" title=\"20241023_133355\" data-width=\"300\" data-height=\"169\" ><\/div><div data-popup=\"https:\/\/loeufalacoque.com\/wp-content\/uploads\/2024\/11\/20241023_133355-scaled.jpg\" data-alt=\"20241023_133355\" title=\"20241023_133355\" ><\/div><div class=\"thumbnail-overlay\"><div class=\"rbsTitle \">20241023_133355<\/div><div class=\"rbsIcons\"><i class=\"fa fa-search-plus rbsZoomIcon \" ><\/i><\/div><\/div><\/div><\/div><div class=\"rbs-img category649 \" ><div class=\"rbs-img-image  rbs-lightbox\"   ><div data-thumbnail=\"https:\/\/loeufalacoque.com\/wp-content\/uploads\/2024\/11\/20241023_145800-169x300.jpg\" title=\"20241023_145800\" data-width=\"169\" data-height=\"300\" ><\/div><div data-popup=\"https:\/\/loeufalacoque.com\/wp-content\/uploads\/2024\/11\/20241023_145800-scaled.jpg\" data-alt=\"20241023_145800\" title=\"20241023_145800\" ><\/div><div class=\"thumbnail-overlay\"><div class=\"rbsTitle \">20241023_145800<\/div><div class=\"rbsIcons\"><i class=\"fa fa-search-plus rbsZoomIcon \" ><\/i><\/div><\/div><\/div><\/div><div class=\"rbs-img category649 \" ><div class=\"rbs-img-image  rbs-lightbox\"   ><div data-thumbnail=\"https:\/\/loeufalacoque.com\/wp-content\/uploads\/2024\/11\/20241023_163044-300x169.jpg\" title=\"20241023_163044\" data-width=\"300\" data-height=\"169\" ><\/div><div data-popup=\"https:\/\/loeufalacoque.com\/wp-content\/uploads\/2024\/11\/20241023_163044-scaled.jpg\" data-alt=\"20241023_163044\" title=\"20241023_163044\" ><\/div><div class=\"thumbnail-overlay\"><div class=\"rbsTitle \">20241023_163044<\/div><div class=\"rbsIcons\"><i class=\"fa fa-search-plus rbsZoomIcon \" ><\/i><\/div><\/div><\/div><\/div><div class=\"rbs-img category649 \" ><div class=\"rbs-img-image  rbs-lightbox\"   ><div data-thumbnail=\"https:\/\/loeufalacoque.com\/wp-content\/uploads\/2024\/11\/20241023_170054-300x169.jpg\" title=\"20241023_170054\" data-width=\"300\" data-height=\"169\" ><\/div><div data-popup=\"https:\/\/loeufalacoque.com\/wp-content\/uploads\/2024\/11\/20241023_170054-scaled.jpg\" data-alt=\"20241023_170054\" title=\"20241023_170054\" ><\/div><div class=\"thumbnail-overlay\"><div class=\"rbsTitle \">20241023_170054<\/div><div class=\"rbsIcons\"><i class=\"fa fa-search-plus rbsZoomIcon \" ><\/i><\/div><\/div><\/div><\/div><div class=\"rbs-img category649 \" ><div class=\"rbs-img-image  rbs-lightbox\"   ><div data-thumbnail=\"https:\/\/loeufalacoque.com\/wp-content\/uploads\/2024\/11\/20241024_102139-300x225.jpg\" title=\"20241024_102139\" data-width=\"300\" data-height=\"225\" ><\/div><div data-popup=\"https:\/\/loeufalacoque.com\/wp-content\/uploads\/2024\/11\/20241024_102139-scaled.jpg\" data-alt=\"20241024_102139\" title=\"20241024_102139\" ><\/div><div class=\"thumbnail-overlay\"><div class=\"rbsTitle \">20241024_102139<\/div><div class=\"rbsIcons\"><i class=\"fa fa-search-plus rbsZoomIcon \" ><\/i><\/div><\/div><\/div><\/div><div class=\"rbs-img category649 \" ><div class=\"rbs-img-image  rbs-lightbox\"   ><div data-thumbnail=\"https:\/\/loeufalacoque.com\/wp-content\/uploads\/2024\/11\/20241024_131852-300x169.jpg\" title=\"20241024_131852\" data-width=\"300\" data-height=\"169\" ><\/div><div data-popup=\"https:\/\/loeufalacoque.com\/wp-content\/uploads\/2024\/11\/20241024_131852-scaled.jpg\" data-alt=\"20241024_131852\" title=\"20241024_131852\" ><\/div><div class=\"thumbnail-overlay\"><div class=\"rbsTitle \">20241024_131852<\/div><div class=\"rbsIcons\"><i class=\"fa fa-search-plus rbsZoomIcon \" ><\/i><\/div><\/div><\/div><\/div><div class=\"rbs-img category649 \" ><div class=\"rbs-img-image  rbs-lightbox\"   ><div data-thumbnail=\"https:\/\/loeufalacoque.com\/wp-content\/uploads\/2024\/11\/20241024_163757-169x300.jpg\" title=\"20241024_163757\" data-width=\"169\" data-height=\"300\" ><\/div><div data-popup=\"https:\/\/loeufalacoque.com\/wp-content\/uploads\/2024\/11\/20241024_163757-scaled.jpg\" data-alt=\"20241024_163757\" title=\"20241024_163757\" ><\/div><div class=\"thumbnail-overlay\"><div class=\"rbsTitle \">20241024_163757<\/div><div class=\"rbsIcons\"><i class=\"fa fa-search-plus rbsZoomIcon \" ><\/i><\/div><\/div><\/div><\/div><div class=\"rbs-img category649 \" ><div class=\"rbs-img-image  rbs-lightbox\"   ><div data-thumbnail=\"https:\/\/loeufalacoque.com\/wp-content\/uploads\/2024\/11\/20241024_174037-300x169.jpg\" title=\"20241024_174037\" data-width=\"300\" data-height=\"169\" ><\/div><div data-popup=\"https:\/\/loeufalacoque.com\/wp-content\/uploads\/2024\/11\/20241024_174037-scaled.jpg\" data-alt=\"20241024_174037\" title=\"20241024_174037\" ><\/div><div class=\"thumbnail-overlay\"><div class=\"rbsTitle \">20241024_174037<\/div><div class=\"rbsIcons\"><i class=\"fa fa-search-plus rbsZoomIcon \" ><\/i><\/div><\/div><\/div><\/div><div class=\"rbs-img category649 \" ><div class=\"rbs-img-image  rbs-lightbox\"   ><div data-thumbnail=\"https:\/\/loeufalacoque.com\/wp-content\/uploads\/2024\/11\/20241025_144803-300x169.jpg\" title=\"20241025_144803\" data-width=\"300\" data-height=\"169\" ><\/div><div data-popup=\"https:\/\/loeufalacoque.com\/wp-content\/uploads\/2024\/11\/20241025_144803-scaled.jpg\" data-alt=\"20241025_144803\" title=\"20241025_144803\" ><\/div><div class=\"thumbnail-overlay\"><div class=\"rbsTitle \">20241025_144803<\/div><div class=\"rbsIcons\"><i class=\"fa fa-search-plus rbsZoomIcon \" ><\/i><\/div><\/div><\/div><\/div><div class=\"rbs-img category649 \" ><div class=\"rbs-img-image  rbs-lightbox\"   ><div data-thumbnail=\"https:\/\/loeufalacoque.com\/wp-content\/uploads\/2024\/11\/20241025_180344-169x300.jpg\" title=\"20241025_180344\" data-width=\"169\" data-height=\"300\" ><\/div><div data-popup=\"https:\/\/loeufalacoque.com\/wp-content\/uploads\/2024\/11\/20241025_180344-scaled.jpg\" data-alt=\"20241025_180344\" title=\"20241025_180344\" ><\/div><div class=\"thumbnail-overlay\"><div class=\"rbsTitle \">20241025_180344<\/div><div class=\"rbsIcons\"><i class=\"fa fa-search-plus rbsZoomIcon \" ><\/i><\/div><\/div><\/div><\/div><div class=\"rbs-img category649 \" ><div class=\"rbs-img-image  rbs-lightbox\"   ><div data-thumbnail=\"https:\/\/loeufalacoque.com\/wp-content\/uploads\/2024\/11\/20241025_182940-300x169.jpg\" title=\"20241025_182940\" data-width=\"300\" data-height=\"169\" ><\/div><div data-popup=\"https:\/\/loeufalacoque.com\/wp-content\/uploads\/2024\/11\/20241025_182940-scaled.jpg\" data-alt=\"20241025_182940\" title=\"20241025_182940\" ><\/div><div class=\"thumbnail-overlay\"><div class=\"rbsTitle \">20241025_182940<\/div><div class=\"rbsIcons\"><i class=\"fa fa-search-plus rbsZoomIcon \" ><\/i><\/div><\/div><\/div><\/div><\/div><\/div><script>var rbs_gallery_69eb827cd89ff = {\"filterContainer\": \"#rbs_gallery_69eb827cd89fffilter\", \"loadingContainer\": \"#robo_gallery_loading_rbs_gallery_69eb827cd89ff\", \"mainContainer\": \"#robo_gallery_main_block_rbs_gallery_69eb827cd89ff\", \"touch\": 1, \"touchDirection\": \"left\", \"lightboxOptions\": { gallery: { enabled: true, tCounter: \"%curr% of %total%\" } }, \"resolutions\": [ {\"columnWidth\": \"auto\" , \"columns\":1 , \"maxWidth\": 450}, {\"columnWidth\": \"auto\" , \"columns\":2 , \"maxWidth\": 650}, {\"columnWidth\": \"auto\" , \"columns\":3 , \"maxWidth\": 960}], \"overlayEffect\": \"direction-aware-fade\", \"boxesToLoadStart\": 12, \"boxesToLoad\": 8, \"lazyLoad\": true, \"waitUntilThumbLoads\": true, \"waitForAllThumbsNoMatterWhat\": false, \"deepLinking\": false, \"LoadingWord\": \"Loading...\", \"loadMoreWord\": \"Load More\", \"loadMoreClass\": \"button-flat-primary button-large \", \"noMoreEntriesWord\": \"No More Entries\", \"horizontalSpaceBetweenBoxes\": 15, \"verticalSpaceBetweenBoxes\": 15}, rbs_gallery_69eb827cd89ff_css = \"#rbs_gallery_69eb827cd89ff .rbs-img-container{ -webkit-border-radius: 5px; -moz-border-radius: 5px; border-radius: 5px;-webkit-box-shadow:0px 5px 7px rgba(34, 25, 25, 0.4) ;-moz-box-shadow: \t0px 5px 7px rgba(34, 25, 25, 0.4) ;-o-box-shadow: \t0px 5px 7px rgba(34, 25, 25, 0.4) ;-ms-box-shadow: \t0px 5px 7px rgba(34, 25, 25, 0.4) ;box-shadow: \t\t0px 5px 7px rgba(34, 25, 25, 0.4) ;}#rbs_gallery_69eb827cd89ff .rbsTitle{ font-size:12px; line-height:100%; color:rgb(255, 255, 255); font-weight:bold;}#rbs_gallery_69eb827cd89ff .rbsTitle:hover{color:rgb(255, 255, 255);}#rbs_gallery_69eb827cd89ff .thumbnail-overlay{background: rgba(7, 7, 7, 0.5);}#rbs_gallery_69eb827cd89ff .rbsZoomIcon{ font-size:30px; line-height:100%; color:rgb(255, 255, 255);background:rgba(13, 130, 241, 0);}#rbs_gallery_69eb827cd89ff .rbsZoomIcon:hover{color:rgb(174, 174, 174);background:rgba(6, 70, 130, 0);}#rbs_gallery_69eb827cd89ff .image-with-dimensions{background-color: rgb(255, 255, 255);}body .mfp-title, body .mfp-counter{color: rgb(243, 243, 243);}\",roboGalleryDelay = 0; head = document.head || document.getElementsByTagName(\"head\")[0], style = document.createElement(\"style\"); style.type = \"text\/css\"; if (style.styleSheet) style.styleSheet.cssText = rbs_gallery_69eb827cd89ff_css; \telse  style.appendChild(document.createTextNode(rbs_gallery_69eb827cd89ff_css)); head.appendChild(style);<\/script><\/div><\/div>\n\n\n\n<p><\/p>\n","protected":false},"excerpt":{"rendered":"<p>L&rsquo;INFINIFILM est le premier film d&rsquo;animation sans fin. UN ATELIER EXTRA COURT POUR UN FILM EXTRA LONG Sous la forme d\u2019un atelier pratique et artistique, les participants s\u2019initieront \u00e0 la r\u00e9alisation d\u2019un film d\u2019animation en stop motion. Accompagn\u00e9s par les artistes et r\u00e9alisateurs St\u00e9phanie Yang Chung et Tristan Francia, ils fabriqueront et animeront, en papier &hellip; <\/p>\n<p class=\"link-more\"><a href=\"https:\/\/loeufalacoque.com\/index.php\/infinifilm\/\" class=\"more-link\">Continuer la lecture<span class=\"screen-reader-text\"> de &laquo;&nbsp;L&rsquo;infinifilm&nbsp;&raquo;<\/span><\/a><\/p>\n","protected":false},"author":1,"featured_media":0,"parent":0,"menu_order":0,"comment_status":"closed","ping_status":"closed","template":"","meta":[],"_links":{"self":[{"href":"https:\/\/loeufalacoque.com\/index.php\/wp-json\/wp\/v2\/pages\/633"}],"collection":[{"href":"https:\/\/loeufalacoque.com\/index.php\/wp-json\/wp\/v2\/pages"}],"about":[{"href":"https:\/\/loeufalacoque.com\/index.php\/wp-json\/wp\/v2\/types\/page"}],"author":[{"embeddable":true,"href":"https:\/\/loeufalacoque.com\/index.php\/wp-json\/wp\/v2\/users\/1"}],"replies":[{"embeddable":true,"href":"https:\/\/loeufalacoque.com\/index.php\/wp-json\/wp\/v2\/comments?post=633"}],"version-history":[{"count":14,"href":"https:\/\/loeufalacoque.com\/index.php\/wp-json\/wp\/v2\/pages\/633\/revisions"}],"predecessor-version":[{"id":689,"href":"https:\/\/loeufalacoque.com\/index.php\/wp-json\/wp\/v2\/pages\/633\/revisions\/689"}],"wp:attachment":[{"href":"https:\/\/loeufalacoque.com\/index.php\/wp-json\/wp\/v2\/media?parent=633"}],"curies":[{"name":"wp","href":"https:\/\/api.w.org\/{rel}","templated":true}]}}