{"id":12,"date":"2020-10-22T14:55:03","date_gmt":"2020-10-22T12:55:03","guid":{"rendered":"http:\/\/loeufalacoque.com\/?page_id=12"},"modified":"2024-07-16T09:07:50","modified_gmt":"2024-07-16T07:07:50","slug":"partenaires","status":"publish","type":"page","link":"https:\/\/loeufalacoque.com\/index.php\/partenaires\/","title":{"rendered":"Les films r\u00e9alis\u00e9s"},"content":{"rendered":"<p><strong>Prix et s\u00e9lections en festival de cin\u00e9ma :<\/strong><\/p>\n<ul>\n<li>2024 Broadway International Film Festival Los Angeles (USA)\u00a0<span style=\"color: #000000;\"><em>\u2192 S\u00e9lection officielle<\/em><\/span><\/li>\n<li>2024 Festival Court&rsquo;\u00e9chelle, Paris (75) <span style=\"color: #000000;\"><em>\u2192 Projection jeunesse<\/em><\/span><\/li>\n<li>2024 <span style=\"color: #000000;\">Festival national du film d&rsquo;animation de Rennes <em>(35)<\/em><\/span> <span style=\"color: #000000;\"><em>\u2192 S\u00e9lection officielle<\/em><\/span><\/li>\n<li>2024 <span style=\"color: #000000;\">Festival International du Film Court d&rsquo;Angoul\u00e8me <em>(16)<\/em><\/span> <span style=\"color: #000000;\"><em>\u2192 S\u00e9lection officielle<\/em><\/span><\/li>\n<li>2024 <span style=\"color: #000000;\">Aasha International film festival <em>(Inde)<\/em><\/span> <span style=\"color: #000000;\"><em>\u2192 PRIX MEILLEUR COURT METRAGE<\/em><\/span><\/li>\n<li><span style=\"color: #000000;\">2024 Festival S\u00e9quence Court-M\u00e9trage <em>(31)<\/em> <em>\u2192 <\/em><em>S\u00e9lection officielle<\/em><\/span><\/li>\n<li>2023 On court \u00e0 la Baleine (12) <span style=\"color: #000000;\"><em>\u2192 S\u00e9lection officielle<\/em><\/span><\/li>\n<li>2022 G\u00e9n\u00e9ration Court (93) <span style=\"color: #000000;\"><em>\u2192 PRIX DU JURY<\/em><\/span><\/li>\n<li>2022 CineGlobe Film Festival (Suisse) <span style=\"color: #000000;\"><em>\u2192 S\u00e9lection officielle<\/em><\/span><\/li>\n<li>2022 <span style=\"color: #000000;\"><em>Festival Br\u00e8ves d&rsquo;Images (31) \u2192 PRIX MISE EN SCENE,\u00a0 JURY,\u00a0 SCENARIO<\/em><\/span><\/li>\n<li>2022 L&rsquo;Isle-Adam Film Festival (95) <span style=\"color: #000000;\"><em>\u2192 S\u00e9lection officielle<\/em><\/span><\/li>\n<li>2021 <span style=\"color: #000000;\"><em>Festival Br\u00e8ves d&rsquo;Images (31) \u2192 PRIX MISE EN SCENE, JURY\u00a0<\/em><\/span><\/li>\n<li>2020 <span style=\"color: #000000;\"><em>Festival Br\u00e8ves d&rsquo;Images (31)\u2192 PRIX DU JURY\u00a0<\/em><\/span><\/li>\n<li><span style=\"color: #000000;\">2020 Festival La Nuit de la Transition (94) <em>\u2192 <\/em><em>S\u00e9lection officielle<\/em><\/span><\/li>\n<li><span style=\"color: #000000;\">2019 Festival S\u00e9quence Court-M\u00e9trage <em>(31)<\/em><em>\u2192 PRIX DU JURY\u00a0<\/em><\/span><\/li>\n<li><span style=\"color: #000000;\">2019 Festival Interfilm Berlin (Allemagne) <em>\u2192 <\/em><em>S\u00e9lection officielle<\/em><\/span><\/li>\n<li>2018 <span style=\"color: #000000;\">Festival National du Film d\u2019Animation de Rennes (35) <em>\u2192 <\/em><em>S\u00e9lection officielle<\/em><\/span><\/li>\n<li><span style=\"color: #000000;\">2017 Festival Br\u00e8ves d&rsquo;Images <em>(31) <\/em><em>\u2192 PRIX DU PUBLIC, <\/em>MEILLEUR FILM D&rsquo;ANIMATION<\/span><\/li>\n<li><span style=\"color: #000000;\">2013 Festival S\u00e9quence Court-M\u00e9trage <em>(31)<\/em> <em>\u2192 <\/em><em>S\u00e9lection officielle<\/em><\/span><\/li>\n<li><span style=\"color: #000000;\">2011 Festival international de films d&rsquo;\u00e9coles Festimaj (Monde) <em>\u2192 <\/em>PRIX SP\u00c9CIAL CR\u00c9ATIVIT\u00c9 ARTISTIQUE ET ORIGINALIT\u00c9<\/span><\/li>\n<\/ul>\n<p class=\"p1\">\u00a0<\/p>\n\n\n<hr class=\"wp-block-separator\"\/>\n\n\n\n<div class=\"wp-block-cover has-background-dim\" style=\"background-image:url(http:\/\/loeufalacoque.com\/wp-content\/uploads\/2024\/02\/Slide_com-DAILLEURS_ET_DICI-sd-scaled.jpg);min-height:396px\"><div class=\"wp-block-cover__inner-container\">\n<p class=\"has-text-align-left has-large-font-size\">D&rsquo;AILLEURS ET D&rsquo;ICI<\/p>\n\n\n\n<p>Ana, Brayan, Wendy et Naomie ont grandi dans une Maison d\u2019Enfants. De cette rencontre fortuite sont n\u00e9es des histoires uniques ; des r\u00e9cits de vies sem\u00e9s d\u2019\u00e9cueils et de courage.&nbsp; <br><\/p>\n\n\n\n<div class=\"wp-block-buttons\">\n<div class=\"wp-block-button is-style-fill\"><a class=\"wp-block-button__link has-black-color has-luminous-vivid-amber-background-color has-text-color has-background\" href=\"https:\/\/loeufalacoque.com\/index.php\/dailleurs-et-dici\/\" style=\"border-radius:25px\">ALLER VERS LA PAGE<\/a><\/div>\n<\/div>\n\n\n\n<p><\/p>\n<\/div><\/div>\n\n\n\n<hr class=\"wp-block-separator\"\/>\n\n\n\n<div class=\"wp-block-cover has-background-dim\" style=\"background-image:url(http:\/\/loeufalacoque.com\/wp-content\/uploads\/2024\/02\/Slide_com-HAIKINO-sd-scaled.jpg);min-height:396px\"><div class=\"wp-block-cover__inner-container\">\n<p class=\"has-text-align-left has-large-font-size\">HAIKINO<\/p>\n\n\n\n<p>&nbsp;Un HAIKINO est une oeuvre participative m\u00ealant le ha\u00efku, po\u00e8me japonais, et le kino, mouvement cin\u00e9matographique. Un voyage visuel et musical au fil des saisons\u2026&nbsp;<\/p>\n\n\n\n<div class=\"wp-block-buttons\">\n<div class=\"wp-block-button is-style-fill\"><a class=\"wp-block-button__link has-black-color has-luminous-vivid-amber-background-color has-text-color has-background\" href=\"https:\/\/loeufalacoque.com\/index.php\/haikino\/\" style=\"border-radius:25px\">ALLER VERS LA PAGE<\/a><\/div>\n<\/div>\n<\/div><\/div>\n\n\n\n<hr class=\"wp-block-separator\"\/>\n\n\n<h3 id=\"block-0bcdf6df-df1a-4ad4-bc6d-cb50e7f1989e\" class=\"block-editor-block-list__block wp-block is-selected rich-text block-editor-rich-text__editable is-hovered wp-block\" tabindex=\"0\" role=\"textbox\" aria-label=\"R\u00e9digez un titre\u2026\" aria-multiline=\"true\" data-block=\"0bcdf6df-df1a-4ad4-bc6d-cb50e7f1989e\" data-type=\"core\/heading\" data-title=\"Titre\"><strong><span class=\"has-inline-color has-black-color\" data-rich-text-format-boundary=\"true\">Voir tous les films :&nbsp;<\/span><\/strong><\/h3>\n\t\t\t<div class=\"yotu-playlist yotuwp yotu-limit-min   yotu-thumb-169  yotu-template-grid\" data-yotu=\"modal\" data-page=\"1\" id=\"yotuwp-69e44d3ed7c0c\" data-total=\"8\" data-settings=\"eyJ0eXBlIjoicGxheWxpc3QiLCJpZCI6IlVVM2c0N3hlVHBPaU1OOG8wajlaQW0tUSIsInBhZ2luYXRpb24iOiJvbiIsInBhZ2l0eXBlIjoicGFnZXIiLCJjb2x1bW4iOiIzIiwicGVyX3BhZ2UiOiIxMiIsInRlbXBsYXRlIjoiZ3JpZCIsInRpdGxlIjoib24iLCJkZXNjcmlwdGlvbiI6Im9uIiwidGh1bWJyYXRpbyI6IjE2OSIsIm1ldGEiOiJvZmYiLCJtZXRhX2RhdGEiOiJvZmYiLCJtZXRhX3Bvc2l0aW9uIjoib2ZmIiwiZGF0ZV9mb3JtYXQiOiJvZmYiLCJtZXRhX2FsaWduIjoib2ZmIiwic3Vic2NyaWJlIjoib2ZmIiwiZHVyYXRpb24iOiJvZmYiLCJtZXRhX2ljb24iOiJvZmYiLCJuZXh0dGV4dCI6IiIsInByZXZ0ZXh0IjoiIiwibG9hZG1vcmV0ZXh0IjoiIiwicGxheWVyIjp7Im1vZGUiOiJwb3B1cCIsIndpZHRoIjoiNjAwIiwic2Nyb2xsaW5nIjoiMTAwIiwiYXV0b3BsYXkiOjAsImNvbnRyb2xzIjoxLCJtb2Rlc3RicmFuZGluZyI6MSwibG9vcCI6MSwiYXV0b25leHQiOjAsInNob3dpbmZvIjoxLCJyZWwiOjAsInBsYXlpbmciOjAsInBsYXlpbmdfZGVzY3JpcHRpb24iOjAsInRodW1ibmFpbHMiOjAsImNjX2xvYWRfcG9saWN5IjoiMSIsImNjX2xhbmdfcHJlZiI6IjEiLCJobCI6IiIsIml2X2xvYWRfcG9saWN5IjoiMSJ9LCJsYXN0X3RhYiI6InBsYXllciIsInVzZV9hc19tb2RhbCI6Im9mZiIsIm1vZGFsX2lkIjoib2ZmIiwibGFzdF91cGRhdGUiOiIxNjYzODM2MjQwIiwic3R5bGluZyI6eyJwYWdlcl9sYXlvdXQiOiJkZWZhdWx0IiwiYnV0dG9uIjoiMSIsImJ1dHRvbl9jb2xvciI6IiIsImJ1dHRvbl9iZ19jb2xvciI6IiIsImJ1dHRvbl9jb2xvcl9ob3ZlciI6IiIsImJ1dHRvbl9iZ19jb2xvcl9ob3ZlciI6IiIsInZpZGVvX3N0eWxlIjoiZ3BsdXMiLCJwbGF5aWNvbl9jb2xvciI6IiIsImhvdmVyX2ljb24iOiIiLCJnYWxsZXJ5X2JnIjoiIn0sImVmZmVjdHMiOnsidmlkZW9fYm94IjoiIiwiZmxpcF9lZmZlY3QiOiIifSwiZ2FsbGVyeV9pZCI6IjY5ZTQ0ZDNlZDdjMGMiLCJuZXh0IjoiRUFBYUhsQlVPa05CZDJsRlJGVTBUVVZLUjAxRVFrWk5SRkV6VFZSV1JFOUZXUSIsInByZXYiOiIifQ==\" data-player=\"popup\" data-showdesc=\"on\">\n\t\t\t\t<div>\n\t\t\t\t\t<div class=\"yotu-pagination yotu-pager_layout-default yotu-pagination-top\">\n<a href=\"#\" class=\"yotu-pagination-prev yotu-button-prs yotu-button-prs-1\" data-page=\"prev\">Prev<\/a>\n<span class=\"yotu-pagination-current\">1<\/span> <span>of<\/span> <span class=\"yotu-pagination-total\">8<\/span>\n<a href=\"#\" class=\"yotu-pagination-next yotu-button-prs yotu-button-prs-1\" data-page=\"next\">Next<\/a>\n<\/div>\n<div class=\"yotu-videos yotu-mode-grid yotu-preset yotu-preset-gplus yotu-column-3 yotu-player-mode-popup\">\n\t<ul>\n\t\t\t\t\t<li class=\" yotu-first\">\n\t\t\t\t\t\t\t\t<a href=\"#bCfQvBi7ack\" class=\"yotu-video\" data-videoid=\"bCfQvBi7ack\" data-title=\"Le renard et la baguette (2025)\" title=\"Le renard et la baguette (2025)\">\n\t\t\t\t\t<div class=\"yotu-video-thumb-wrp\">\n\t\t\t\t\t\t<div>\n\t\t\t\t\t\t\t\t\t\t\t\t\t\t<img class=\"yotu-video-thumb\" src=\"https:\/\/i.ytimg.com\/vi\/bCfQvBi7ack\/sddefault.jpg\" alt=\"Le renard et la baguette (2025)\">\t\n\t\t\t\t\t\t\t\t\t\t\t\t\t<\/div>\n\t\t\t\t\t<\/div>\n\t\t\t\t\t\t\t\t\t\t\t<h3 class=\"yotu-video-title\">Le renard et la baguette (2025)<\/h3>\n\t\t\t\t\t\t\t\t\t\t\t\t\t\t\t\t\t\t\t\t\t<div class=\"yotu-video-description\">Classe de CE1 de l'\u00e9cole JM F\u00e9riol de QUINT FONSEGRIVES<br \/>\nFestival Br\u00e8ves d'images, mairie de Quint Fonsegrives, <br \/>\nAssociation L'oeuf \u00e0 la coque<\/div>\n\t\t\t\t\t\t\t\t\t<\/a>\n\t\t\t\t\t\t\t<\/li>\n\t\t\t\t\n\t\t\t\t\t\t<li class=\"\">\n\t\t\t\t\t\t\t\t<a href=\"#qaG0X2AecyE\" class=\"yotu-video\" data-videoid=\"qaG0X2AecyE\" data-title=\"Le jeu des \u00e9poques (2025)\" title=\"Le jeu des \u00e9poques (2025)\">\n\t\t\t\t\t<div class=\"yotu-video-thumb-wrp\">\n\t\t\t\t\t\t<div>\n\t\t\t\t\t\t\t\t\t\t\t\t\t\t<img class=\"yotu-video-thumb\" src=\"https:\/\/i.ytimg.com\/vi\/qaG0X2AecyE\/sddefault.jpg\" alt=\"Le jeu des \u00e9poques (2025)\">\t\n\t\t\t\t\t\t\t\t\t\t\t\t\t<\/div>\n\t\t\t\t\t<\/div>\n\t\t\t\t\t\t\t\t\t\t\t<h3 class=\"yotu-video-title\">Le jeu des \u00e9poques (2025)<\/h3>\n\t\t\t\t\t\t\t\t\t\t\t\t\t\t\t\t\t\t\t\t\t<div class=\"yotu-video-description\">Classe de moyenne section de l'\u00e9cole maternelle JM F\u00e9riol de QUINT FONSEGRIVES<br \/>\nFestival Br\u00e8ves d'images, mairie de Quint Fonsegrives, <br \/>\nAssociation L'oeuf \u00e0 la coque<\/div>\n\t\t\t\t\t\t\t\t\t<\/a>\n\t\t\t\t\t\t\t<\/li>\n\t\t\t\t\n\t\t\t\t\t\t<li class=\"\">\n\t\t\t\t\t\t\t\t<a href=\"#_ZF1vlvXnSY\" class=\"yotu-video\" data-videoid=\"_ZF1vlvXnSY\" data-title=\"Appel \u00e0 films \/ Festival S\u00e9quence Court-m\u00e9trage (2025)\" title=\"Appel \u00e0 films \/ Festival S\u00e9quence Court-m\u00e9trage (2025)\">\n\t\t\t\t\t<div class=\"yotu-video-thumb-wrp\">\n\t\t\t\t\t\t<div>\n\t\t\t\t\t\t\t\t\t\t\t\t\t\t<img class=\"yotu-video-thumb\" src=\"https:\/\/i.ytimg.com\/vi\/_ZF1vlvXnSY\/sddefault.jpg\" alt=\"Appel \u00e0 films \/ Festival S\u00e9quence Court-m\u00e9trage (2025)\">\t\n\t\t\t\t\t\t\t\t\t\t\t\t\t<\/div>\n\t\t\t\t\t<\/div>\n\t\t\t\t\t\t\t\t\t\t\t<h3 class=\"yotu-video-title\">Appel \u00e0 films \/ Festival S\u00e9quence Court-m\u00e9trage (2025)<\/h3>\n\t\t\t\t\t\t\t\t\t\t\t\t\t\t\t\t\t\t\t\t\t<div class=\"yotu-video-description\">Classe de CM2 de l'\u00e9cole publique Jean Zay de TOULOUSE<br \/>\n<br \/>\nFestival S\u00e9quence Court m\u00e9trage \/ Passeport pour l'Art - mairie de Toulouse<br \/>\nAssociation L'oeuf \u00e0 la coque<\/div>\n\t\t\t\t\t\t\t\t\t<\/a>\n\t\t\t\t\t\t\t<\/li>\n\t\t\t\t\n\t\t\t\t\t\t<li class=\"\">\n\t\t\t\t\t\t\t\t<a href=\"#J4F694nFvH0\" class=\"yotu-video\" data-videoid=\"J4F694nFvH0\" data-title=\"Michel Gondry L\\'INFINIFILM\" title=\"Michel Gondry L'INFINIFILM\">\n\t\t\t\t\t<div class=\"yotu-video-thumb-wrp\">\n\t\t\t\t\t\t<div>\n\t\t\t\t\t\t\t\t\t\t\t\t\t\t<img class=\"yotu-video-thumb\" src=\"https:\/\/i.ytimg.com\/vi\/J4F694nFvH0\/sddefault.jpg\" alt=\"Michel Gondry L'INFINIFILM\">\t\n\t\t\t\t\t\t\t\t\t\t\t\t\t<\/div>\n\t\t\t\t\t<\/div>\n\t\t\t\t\t\t\t\t\t\t\t<h3 class=\"yotu-video-title\">Michel Gondry L'INFINIFILM<\/h3>\n\t\t\t\t\t\t\t\t\t\t\t\t\t\t\t\t\t\t\t\t\t<div class=\"yotu-video-description\">https:\/\/loeufalacoque.com\/index.php\/infinifilm\/<br \/>\n@tristanfrancia1699<br \/>\nL'infinifilm by<br \/>\nTristan Francia<br \/>\nSt\u00e9phanie yang Chung<br \/>\n<br \/>\n#infinifilm #stopmotion #atelier #infinity<\/div>\n\t\t\t\t\t\t\t\t\t<\/a>\n\t\t\t\t\t\t\t<\/li>\n\t\t\t\t\n\t\t\t\t\t\t<li class=\"\">\n\t\t\t\t\t\t\t\t<a href=\"#MtLBUXSSfng\" class=\"yotu-video\" data-videoid=\"MtLBUXSSfng\" data-title=\"Chablabla et rectanglou (2024)\" title=\"Chablabla et rectanglou (2024)\">\n\t\t\t\t\t<div class=\"yotu-video-thumb-wrp\">\n\t\t\t\t\t\t<div>\n\t\t\t\t\t\t\t\t\t\t\t\t\t\t<img class=\"yotu-video-thumb\" src=\"https:\/\/i.ytimg.com\/vi\/MtLBUXSSfng\/sddefault.jpg\" alt=\"Chablabla et rectanglou (2024)\">\t\n\t\t\t\t\t\t\t\t\t\t\t\t\t<\/div>\n\t\t\t\t\t<\/div>\n\t\t\t\t\t\t\t\t\t\t\t<h3 class=\"yotu-video-title\">Chablabla et rectanglou (2024)<\/h3>\n\t\t\t\t\t\t\t\t\t\t\t\t\t\t\t\t\t\t\t\t\t<div class=\"yotu-video-description\">Ecole maternelle Marengo P\u00e9riole de Toulouse<\/div>\n\t\t\t\t\t\t\t\t\t<\/a>\n\t\t\t\t\t\t\t<\/li>\n\t\t\t\t\n\t\t\t\t\t\t<li class=\"\">\n\t\t\t\t\t\t\t\t<a href=\"#ysT50bgk-Xs\" class=\"yotu-video\" data-videoid=\"ysT50bgk-Xs\" data-title=\"Paris 2024 (2024)\" title=\"Paris 2024 (2024)\">\n\t\t\t\t\t<div class=\"yotu-video-thumb-wrp\">\n\t\t\t\t\t\t<div>\n\t\t\t\t\t\t\t\t\t\t\t\t\t\t<img class=\"yotu-video-thumb\" src=\"https:\/\/i.ytimg.com\/vi\/ysT50bgk-Xs\/sddefault.jpg\" alt=\"Paris 2024 (2024)\">\t\n\t\t\t\t\t\t\t\t\t\t\t\t\t<\/div>\n\t\t\t\t\t<\/div>\n\t\t\t\t\t\t\t\t\t\t\t<h3 class=\"yotu-video-title\">Paris 2024 (2024)<\/h3>\n\t\t\t\t\t\t\t\t\t\t\t\t\t\t\t\t\t\t\t\t\t<div class=\"yotu-video-description\">Classe de CE2 de l'\u00e9cole \u00e9l\u00e9mentaire JM F\u00e9riol de QUINT FONSEGRIVES<br \/>\nFestival Br\u00e8ves d'images, mairie de Quint Fonsegrives, <br \/>\nAssociation L'oeuf \u00e0 la coque<\/div>\n\t\t\t\t\t\t\t\t\t<\/a>\n\t\t\t\t\t\t\t<\/li>\n\t\t\t\t\n\t\t\t\t\t\t<li class=\"\">\n\t\t\t\t\t\t\t\t<a href=\"#GQLTmZMwHr0\" class=\"yotu-video\" data-videoid=\"GQLTmZMwHr0\" data-title=\"Animolympiques (2024)\" title=\"Animolympiques (2024)\">\n\t\t\t\t\t<div class=\"yotu-video-thumb-wrp\">\n\t\t\t\t\t\t<div>\n\t\t\t\t\t\t\t\t\t\t\t\t\t\t<img class=\"yotu-video-thumb\" src=\"https:\/\/i.ytimg.com\/vi\/GQLTmZMwHr0\/sddefault.jpg\" alt=\"Animolympiques (2024)\">\t\n\t\t\t\t\t\t\t\t\t\t\t\t\t<\/div>\n\t\t\t\t\t<\/div>\n\t\t\t\t\t\t\t\t\t\t\t<h3 class=\"yotu-video-title\">Animolympiques (2024)<\/h3>\n\t\t\t\t\t\t\t\t\t\t\t\t\t\t\t\t\t\t\t\t\t<div class=\"yotu-video-description\">Classe de grande section de l'\u00e9cole maternelle JM F\u00e9riol de QUINT FONSEGRIVES<br \/>\nFestival Br\u00e8ves d'images, mairie de Quint Fonsegrives, <br \/>\nAssociation L'oeuf \u00e0 la coque<\/div>\n\t\t\t\t\t\t\t\t\t<\/a>\n\t\t\t\t\t\t\t<\/li>\n\t\t\t\t\n\t\t\t\t\t\t<li class=\"\">\n\t\t\t\t\t\t\t\t<a href=\"#N-hz-Nn6YAM\" class=\"yotu-video\" data-videoid=\"N-hz-Nn6YAM\" data-title=\"Appel \u00e0 films \/ Festival S\u00e9quence Court-m\u00e9trage (2024)\" title=\"Appel \u00e0 films \/ Festival S\u00e9quence Court-m\u00e9trage (2024)\">\n\t\t\t\t\t<div class=\"yotu-video-thumb-wrp\">\n\t\t\t\t\t\t<div>\n\t\t\t\t\t\t\t\t\t\t\t\t\t\t<img class=\"yotu-video-thumb\" src=\"https:\/\/i.ytimg.com\/vi\/N-hz-Nn6YAM\/sddefault.jpg\" alt=\"Appel \u00e0 films \/ Festival S\u00e9quence Court-m\u00e9trage (2024)\">\t\n\t\t\t\t\t\t\t\t\t\t\t\t\t<\/div>\n\t\t\t\t\t<\/div>\n\t\t\t\t\t\t\t\t\t\t\t<h3 class=\"yotu-video-title\">Appel \u00e0 films \/ Festival S\u00e9quence Court-m\u00e9trage (2024)<\/h3>\n\t\t\t\t\t\t\t\t\t\t\t\t\t\t\t\t\t\t\t\t\t<div class=\"yotu-video-description\">Classe de CM2 de l'\u00e9cole publique Lalande de TOULOUSE<br \/>\n<br \/>\nFestival S\u00e9quence Court m\u00e9trage \/ Passeport pour l'Art - mairie de Toulouse<br \/>\nAssociation L'oeuf \u00e0 la coque<\/div>\n\t\t\t\t\t\t\t\t\t<\/a>\n\t\t\t\t\t\t\t<\/li>\n\t\t\t\t\n\t\t\t\t\t\t<li class=\"\">\n\t\t\t\t\t\t\t\t<a href=\"#fCpoG2a7vpw\" class=\"yotu-video\" data-videoid=\"fCpoG2a7vpw\" data-title=\"Reportage TV France3 \/ MECS de L OUSTAL (2023)\" title=\"Reportage TV France3 \/ MECS de L OUSTAL (2023)\">\n\t\t\t\t\t<div class=\"yotu-video-thumb-wrp\">\n\t\t\t\t\t\t<div>\n\t\t\t\t\t\t\t\t\t\t\t\t\t\t<img class=\"yotu-video-thumb\" src=\"https:\/\/i.ytimg.com\/vi\/fCpoG2a7vpw\/sddefault.jpg\" alt=\"Reportage TV France3 \/ MECS de L OUSTAL (2023)\">\t\n\t\t\t\t\t\t\t\t\t\t\t\t\t<\/div>\n\t\t\t\t\t<\/div>\n\t\t\t\t\t\t\t\t\t\t\t<h3 class=\"yotu-video-title\">Reportage TV France3 \/ MECS de L OUSTAL (2023)<\/h3>\n\t\t\t\t\t\t\t\t\t\t\t\t\t\t\t\t\t\t\t\t\t<div class=\"yotu-video-description\">Projet r\u00e9alisation d'un court m\u00e9trage pour cr\u00e9ation d'un cin\u00e9-concert participatif<br \/>\n<br \/>\nAvec la participation de Naomie, Wendy, Ana, Khojasta et Brayan.<br \/>\nR\u00e9alisation et Direction artistique : Tristan Francia<br \/>\nComposition et musique : Christian Clav\u00e8re Fr\u00e9d\u00e9ric Machemehl<br \/>\nMerci aux \u00e9ducateurs Laurence et Xavier. <br \/>\nMerci aux partenaires : D\u00e9partement de l'Aveyron Colette Scudier Pierre Aveyronculture L'Oustal M.E.C.S Nad\u00e8ge Le Cl\u00e9zio AJAR Villefranche-de-Rouergue Mairie de Villeneuve d'Aveyron Commune de Villefranche-de-Rouergue La Manufacture Mediatheque Cinema Vox - Villefranche de Rouergue<\/div>\n\t\t\t\t\t\t\t\t\t<\/a>\n\t\t\t\t\t\t\t<\/li>\n\t\t\t\t\n\t\t\t\t\t\t<li class=\"\">\n\t\t\t\t\t\t\t\t<a href=\"#3EPSJ0iFGvg\" class=\"yotu-video\" data-videoid=\"3EPSJ0iFGvg\" data-title=\"Super loup (2023)\" title=\"Super loup (2023)\">\n\t\t\t\t\t<div class=\"yotu-video-thumb-wrp\">\n\t\t\t\t\t\t<div>\n\t\t\t\t\t\t\t\t\t\t\t\t\t\t<img class=\"yotu-video-thumb\" src=\"https:\/\/i.ytimg.com\/vi\/3EPSJ0iFGvg\/sddefault.jpg\" alt=\"Super loup (2023)\">\t\n\t\t\t\t\t\t\t\t\t\t\t\t\t<\/div>\n\t\t\t\t\t<\/div>\n\t\t\t\t\t\t\t\t\t\t\t<h3 class=\"yotu-video-title\">Super loup (2023)<\/h3>\n\t\t\t\t\t\t\t\t\t\t\t\t\t\t\t\t\t\t\t\t\t<div class=\"yotu-video-description\">Classe de CP de l'\u00e9cole \u00e9l\u00e9mentaire JM F\u00e9riol de QUINT FONSEGRIVES<br \/>\nFestival Br\u00e8ves d'images, mairie de Quint Fonsegrives, <br \/>\nAssociation L'oeuf \u00e0 la coque<\/div>\n\t\t\t\t\t\t\t\t\t<\/a>\n\t\t\t\t\t\t\t<\/li>\n\t\t\t\t\n\t\t\t\t\t\t<li class=\"\">\n\t\t\t\t\t\t\t\t<a href=\"#qH_A82u4Jk8\" class=\"yotu-video\" data-videoid=\"qH_A82u4Jk8\" data-title=\"Le chien de la Reine (2023)\" title=\"Le chien de la Reine (2023)\">\n\t\t\t\t\t<div class=\"yotu-video-thumb-wrp\">\n\t\t\t\t\t\t<div>\n\t\t\t\t\t\t\t\t\t\t\t\t\t\t<img class=\"yotu-video-thumb\" src=\"https:\/\/i.ytimg.com\/vi\/qH_A82u4Jk8\/sddefault.jpg\" alt=\"Le chien de la Reine (2023)\">\t\n\t\t\t\t\t\t\t\t\t\t\t\t\t<\/div>\n\t\t\t\t\t<\/div>\n\t\t\t\t\t\t\t\t\t\t\t<h3 class=\"yotu-video-title\">Le chien de la Reine (2023)<\/h3>\n\t\t\t\t\t\t\t\t\t\t\t\t\t\t\t\t\t\t\t\t\t<div class=\"yotu-video-description\">Classe de Grande section de maternelle de l'\u00e9cole JM F\u00e9riol de QUINT FONSEGRIVES<br \/>\nFestival Br\u00e8ves d'images, mairie de Quint Fonsegrives, <br \/>\nAssociation L'oeuf \u00e0 la coque<\/div>\n\t\t\t\t\t\t\t\t\t<\/a>\n\t\t\t\t\t\t\t<\/li>\n\t\t\t\t\n\t\t\t\t\t\t<li class=\" yotu-last\">\n\t\t\t\t\t\t\t\t<a href=\"#1iv4CzohjRk\" class=\"yotu-video\" data-videoid=\"1iv4CzohjRk\" data-title=\"Appel \u00e0 films \/ Festival S\u00e9quence Court-m\u00e9trage (2023)\" title=\"Appel \u00e0 films \/ Festival S\u00e9quence Court-m\u00e9trage (2023)\">\n\t\t\t\t\t<div class=\"yotu-video-thumb-wrp\">\n\t\t\t\t\t\t<div>\n\t\t\t\t\t\t\t\t\t\t\t\t\t\t<img class=\"yotu-video-thumb\" src=\"https:\/\/i.ytimg.com\/vi\/1iv4CzohjRk\/sddefault.jpg\" alt=\"Appel \u00e0 films \/ Festival S\u00e9quence Court-m\u00e9trage (2023)\">\t\n\t\t\t\t\t\t\t\t\t\t\t\t\t<\/div>\n\t\t\t\t\t<\/div>\n\t\t\t\t\t\t\t\t\t\t\t<h3 class=\"yotu-video-title\">Appel \u00e0 films \/ Festival S\u00e9quence Court-m\u00e9trage (2023)<\/h3>\n\t\t\t\t\t\t\t\t\t\t\t\t\t\t\t\t\t\t\t\t\t<div class=\"yotu-video-description\">Classe de CE2-CM2 de l'\u00e9cole Niboul de TOULOUSE<br \/>\nFestival S\u00e9quence Court m\u00e9trage \/ Passeport pour l'Art - mairie de Toulouse<br \/>\nAssociation L'oeuf \u00e0 la coque<\/div>\n\t\t\t\t\t\t\t\t\t<\/a>\n\t\t\t\t\t\t\t<\/li>\n\t\t\t\t\n\t\t\t\t<\/ul>\n<\/div><div class=\"yotu-pagination yotu-pager_layout-default yotu-pagination-bottom\">\n<a href=\"#\" class=\"yotu-pagination-prev yotu-button-prs yotu-button-prs-1\" data-page=\"prev\">Prev<\/a>\n<span class=\"yotu-pagination-current\">1<\/span> <span>of<\/span> <span class=\"yotu-pagination-total\">8<\/span>\n<a href=\"#\" class=\"yotu-pagination-next yotu-button-prs yotu-button-prs-1\" data-page=\"next\">Next<\/a>\n<\/div>\n\t\t\t\t<\/div>\n\t\t\t<\/div>\n\t\t\t\n\n\n<ul class=\"wp-block-social-links alignleft is-style-default\">\n\n\n\n\n\n\n\n\n\n<\/ul>\n\n\n\n<ul class=\"wp-block-social-links aligncenter is-style-default\">\n\n\n\n\n\n\n\n\n\n<li class=\"wp-social-link wp-social-link-instagram\"><a href=\"https:\/\/www.instagram.com\/loeufalacoque_asso\/\" aria-label=\"Instagram\"> <svg width=\"24\" height=\"24\" viewBox=\"0 0 24 24\" version=\"1.1\" xmlns=\"http:\/\/www.w3.org\/2000\/svg\" role=\"img\" aria-hidden=\"true\" focusable=\"false\"><path d=\"M12,4.622c2.403,0,2.688,0.009,3.637,0.052c0.877,0.04,1.354,0.187,1.671,0.31c0.42,0.163,0.72,0.358,1.035,0.673 c0.315,0.315,0.51,0.615,0.673,1.035c0.123,0.317,0.27,0.794,0.31,1.671c0.043,0.949,0.052,1.234,0.052,3.637 s-0.009,2.688-0.052,3.637c-0.04,0.877-0.187,1.354-0.31,1.671c-0.163,0.42-0.358,0.72-0.673,1.035 c-0.315,0.315-0.615,0.51-1.035,0.673c-0.317,0.123-0.794,0.27-1.671,0.31c-0.949,0.043-1.233,0.052-3.637,0.052 s-2.688-0.009-3.637-0.052c-0.877-0.04-1.354-0.187-1.671-0.31c-0.42-0.163-0.72-0.358-1.035-0.673 c-0.315-0.315-0.51-0.615-0.673-1.035c-0.123-0.317-0.27-0.794-0.31-1.671C4.631,14.688,4.622,14.403,4.622,12 s0.009-2.688,0.052-3.637c0.04-0.877,0.187-1.354,0.31-1.671c0.163-0.42,0.358-0.72,0.673-1.035 c0.315-0.315,0.615-0.51,1.035-0.673c0.317-0.123,0.794-0.27,1.671-0.31C9.312,4.631,9.597,4.622,12,4.622 M12,3 C9.556,3,9.249,3.01,8.289,3.054C7.331,3.098,6.677,3.25,6.105,3.472C5.513,3.702,5.011,4.01,4.511,4.511 c-0.5,0.5-0.808,1.002-1.038,1.594C3.25,6.677,3.098,7.331,3.054,8.289C3.01,9.249,3,9.556,3,12c0,2.444,0.01,2.751,0.054,3.711 c0.044,0.958,0.196,1.612,0.418,2.185c0.23,0.592,0.538,1.094,1.038,1.594c0.5,0.5,1.002,0.808,1.594,1.038 c0.572,0.222,1.227,0.375,2.185,0.418C9.249,20.99,9.556,21,12,21s2.751-0.01,3.711-0.054c0.958-0.044,1.612-0.196,2.185-0.418 c0.592-0.23,1.094-0.538,1.594-1.038c0.5-0.5,0.808-1.002,1.038-1.594c0.222-0.572,0.375-1.227,0.418-2.185 C20.99,14.751,21,14.444,21,12s-0.01-2.751-0.054-3.711c-0.044-0.958-0.196-1.612-0.418-2.185c-0.23-0.592-0.538-1.094-1.038-1.594 c-0.5-0.5-1.002-0.808-1.594-1.038c-0.572-0.222-1.227-0.375-2.185-0.418C14.751,3.01,14.444,3,12,3L12,3z M12,7.378 c-2.552,0-4.622,2.069-4.622,4.622S9.448,16.622,12,16.622s4.622-2.069,4.622-4.622S14.552,7.378,12,7.378z M12,15 c-1.657,0-3-1.343-3-3s1.343-3,3-3s3,1.343,3,3S13.657,15,12,15z M16.804,6.116c-0.596,0-1.08,0.484-1.08,1.08 s0.484,1.08,1.08,1.08c0.596,0,1.08-0.484,1.08-1.08S17.401,6.116,16.804,6.116z\"><\/path><\/svg><\/a><\/li>\n\n<li class=\"wp-social-link wp-social-link-facebook\"><a href=\"https:\/\/www.facebook.com\/loeufalacoque\" aria-label=\"Facebook\"> <svg width=\"24\" height=\"24\" viewBox=\"0 0 24 24\" version=\"1.1\" xmlns=\"http:\/\/www.w3.org\/2000\/svg\" role=\"img\" aria-hidden=\"true\" focusable=\"false\"><path d=\"M12 2C6.5 2 2 6.5 2 12c0 5 3.7 9.1 8.4 9.9v-7H7.9V12h2.5V9.8c0-2.5 1.5-3.9 3.8-3.9 1.1 0 2.2.2 2.2.2v2.5h-1.3c-1.2 0-1.6.8-1.6 1.6V12h2.8l-.4 2.9h-2.3v7C18.3 21.1 22 17 22 12c0-5.5-4.5-10-10-10z\"><\/path><\/svg><\/a><\/li>\n\n<li class=\"wp-social-link wp-social-link-youtube\"><a href=\"https:\/\/youtube.com\/channel\/UC3g47xeTpOiMN8o0j9ZAm-Q\" aria-label=\"YouTube\"> <svg width=\"24\" height=\"24\" viewBox=\"0 0 24 24\" version=\"1.1\" xmlns=\"http:\/\/www.w3.org\/2000\/svg\" role=\"img\" aria-hidden=\"true\" focusable=\"false\"><path d=\"M21.8,8.001c0,0-0.195-1.378-0.795-1.985c-0.76-0.797-1.613-0.801-2.004-0.847c-2.799-0.202-6.997-0.202-6.997-0.202 h-0.009c0,0-4.198,0-6.997,0.202C4.608,5.216,3.756,5.22,2.995,6.016C2.395,6.623,2.2,8.001,2.2,8.001S2,9.62,2,11.238v1.517 c0,1.618,0.2,3.237,0.2,3.237s0.195,1.378,0.795,1.985c0.761,0.797,1.76,0.771,2.205,0.855c1.6,0.153,6.8,0.201,6.8,0.201 s4.203-0.006,7.001-0.209c0.391-0.047,1.243-0.051,2.004-0.847c0.6-0.607,0.795-1.985,0.795-1.985s0.2-1.618,0.2-3.237v-1.517 C22,9.62,21.8,8.001,21.8,8.001z M9.935,14.594l-0.001-5.62l5.404,2.82L9.935,14.594z\"><\/path><\/svg><\/a><\/li><\/ul>\n\n\n\n<ul class=\"wp-block-social-links alignleft\">\n\n\n\n\n\n\n\n<\/ul>\n\n\n\n<p><\/p>\n","protected":false},"excerpt":{"rendered":"<p>Prix et s\u00e9lections en festival de cin\u00e9ma : 2024 Broadway International Film Festival Los Angeles (USA)\u00a0\u2192 S\u00e9lection officielle 2024 Festival Court&rsquo;\u00e9chelle, Paris (75) \u2192 Projection jeunesse 2024 Festival national du film d&rsquo;animation de Rennes (35) \u2192 S\u00e9lection officielle 2024 Festival International du Film Court d&rsquo;Angoul\u00e8me (16) \u2192 S\u00e9lection officielle 2024 Aasha International film festival (Inde) &hellip; <\/p>\n<p class=\"link-more\"><a href=\"https:\/\/loeufalacoque.com\/index.php\/partenaires\/\" class=\"more-link\">Continuer la lecture<span class=\"screen-reader-text\"> de &laquo;&nbsp;Les films r\u00e9alis\u00e9s&nbsp;&raquo;<\/span><\/a><\/p>\n","protected":false},"author":1,"featured_media":45,"parent":0,"menu_order":0,"comment_status":"closed","ping_status":"closed","template":"","meta":[],"_links":{"self":[{"href":"https:\/\/loeufalacoque.com\/index.php\/wp-json\/wp\/v2\/pages\/12"}],"collection":[{"href":"https:\/\/loeufalacoque.com\/index.php\/wp-json\/wp\/v2\/pages"}],"about":[{"href":"https:\/\/loeufalacoque.com\/index.php\/wp-json\/wp\/v2\/types\/page"}],"author":[{"embeddable":true,"href":"https:\/\/loeufalacoque.com\/index.php\/wp-json\/wp\/v2\/users\/1"}],"replies":[{"embeddable":true,"href":"https:\/\/loeufalacoque.com\/index.php\/wp-json\/wp\/v2\/comments?post=12"}],"version-history":[{"count":65,"href":"https:\/\/loeufalacoque.com\/index.php\/wp-json\/wp\/v2\/pages\/12\/revisions"}],"predecessor-version":[{"id":618,"href":"https:\/\/loeufalacoque.com\/index.php\/wp-json\/wp\/v2\/pages\/12\/revisions\/618"}],"wp:featuredmedia":[{"embeddable":true,"href":"https:\/\/loeufalacoque.com\/index.php\/wp-json\/wp\/v2\/media\/45"}],"wp:attachment":[{"href":"https:\/\/loeufalacoque.com\/index.php\/wp-json\/wp\/v2\/media?parent=12"}],"curies":[{"name":"wp","href":"https:\/\/api.w.org\/{rel}","templated":true}]}}